3403812.
2, 85850953
What are the prime factors of 14809693?
14809693
List the prime factors of 172686746.
2, 59, 1463447
List the prime factors of 828673384.
2, 7, 11, 719, 1871
What are the prime factors of 77824105?
5, 31, 61, 8231
List the prime factors of 602547333.
3, 200849111
List the prime factors of 32251641.
3, 10750547
What are the prime factors of 86724372?
2, 3, 7, 1032433
List the prime factors of 17537670.
2, 3, 5, 194863
List the prime factors of 139449877.
7, 83, 240017
List the prime factors of 22467963.
3, 7, 31, 34513
What are the prime factors of 28745678?
2, 13, 1105603
List the prime factors of 3905106000.
2, 3, 5, 650851
What are the prime factors of 35530065?
3, 5, 789557
List the prime factors of 1632925217.
7, 11, 31, 684091
List the prime factors of 2163732720.
2, 3, 5, 9015553
What are the prime factors of 67584095?
5, 17, 46771
What are the prime factors of 438216423?
3, 59, 2475799
List the prime factors of 378852753.
3, 83, 1521497
List the prime factors of 2537113318.
2, 1268556659
List the prime factors of 166541014.
2, 389, 214063
What are the prime factors of 150302089?
7, 229, 93763
What are the prime factors of 406341?
3, 13, 23, 151
List the prime factors of 90069815.
5, 11, 1637633
List the prime factors of 264325938.
2, 3, 44054323
List the prime factors of 987855961.
19, 51992419
List the prime factors of 51291746.
2, 11, 2331443
What are the prime factors of 28578547?
17, 1681091
What are the prime factors of 703937?
13, 173, 313
What are the prime factors of 276038259?
3, 7, 13144679
What are the prime factors of 136558483?
136558483
List the prime factors of 510651127.
7, 31, 163, 14437
List the prime factors of 96956855.
5, 19391371
What are the prime factors of 40725710?
2, 5, 17, 41, 5843
List the prime factors of 1096747545.
3, 5, 19, 3848237
List the prime factors of 7274824.
2, 29, 31357
List the prime factors of 3430672971.
3, 11, 127, 818581
What are the prime factors of 1813163430?
2, 3, 5, 13, 4649137
What are the prime factors of 11908016?
2, 744251
List the prime factors of 74449116.
2, 3, 7, 295433
What are the prime factors of 160367060?
2, 5, 7, 1145479
What are the prime factors of 1091946507?
3, 363982169
What are the prime factors of 270778751?
263, 1029577
What are the prime factors of 2734654340?
2, 5, 11, 17, 731191
List the prime factors of 1107739860.
2, 3, 5, 18462331
List the prime factors of 41374022.
2, 17, 149, 8167
List the prime factors of 961436519.
2677, 359147
List the prime factors of 228460019.
228460019
List the prime factors of 23145516.
2, 3, 642931
What are the prime factors of 3148641177?
3, 11, 3433, 27793
List the prime factors of 2957823595.
5, 79, 503, 14887
List the prime factors of 85926998.
2, 47, 914117
List the prime factors of 60132529.
31, 269, 7211
What are the prime factors of 3727980468?
2, 3, 103555013
List the prime factors of 797168853.
3, 13, 6813409
List the prime factors of 3316901870.
2, 5, 1511, 219517
List the prime factors of 308068801.
308068801
List the prime factors of 317282283.
3, 35253587
List the prime factors of 84572397.
3, 7, 13, 34421
What are the prime factors of 232825412?
2, 23, 401, 6311
What are the prime factors of 538597625?
5, 4308781
What are the prime factors of 71605150?
2, 5, 1432103
What are the prime factors of 213259624?
2, 26657453
What are the prime factors of 488485328?
2, 103, 313, 947
What are the prime factors of 468844330?
2, 5, 46884433
What are the prime factors of 48193892?
2, 12048473
List the prime factors of 34718760.
2, 3, 5, 17, 31, 61
What are the prime factors of 1222348334?
2, 41, 14906687
What are the prime factors of 128108596?
2, 7, 11, 415937
What are the prime factors of 20844198?
2, 3, 1158011
What are the prime factors of 78607061?
13, 6046697
What are the prime factors of 24718733?
13, 409, 4649
List the prime factors of 161602447.
161602447
List the prime factors of 3037201114.
2, 1427, 1064191
List the prime factors of 64191479.
11, 2129, 2741
What are the prime factors of 59924251?
307, 195193
What are the prime factors of 855773373?
3, 7, 13, 1471, 2131
What are the prime factors of 2332598988?
2, 3, 197, 986717
List the prime factors of 1490445083.
67, 22245449
List the prime factors of 3185906933.
11, 101, 503, 5701
List the prime factors of 14179027.
14179027
List the prime factors of 2521309625.
5, 20170477
What are the prime factors of 38920057?
11, 3538187
What are the prime factors of 19598183?
11, 1781653
List the prime factors of 3650230.
2, 5, 29, 41, 307
What are the prime factors of 39653559?
3, 11, 269, 1489
List the prime factors of 104325870.
2, 3, 5, 11, 316139
What are the prime factors of 5836195911?
3, 7, 13, 3054001
List the prime factors of 301686856.
2, 41, 149, 6173
What are the prime factors of 1003235382?
2, 3, 17, 137, 2659
List the prime factors of 275112715.
5, 55022543
What are the prime factors of 85548219?
3, 28516073
What are the prime factors of 123285594?
2, 3, 20547599
List the prime factors of 635791474.
2, 271, 307, 3821
What are the prime factors of 2276093282?
2, 337, 3376993
List the prime factors of 2238902118.
2, 3, 2081, 59771
List the prime factors of 623967617.
7, 13, 979541
List the prime factors of 59755357.
17, 23, 67, 2281
List the prime factors of 444311389.
43, 10332823
List the prime factors of 96792778.
2, 29, 587, 2843
List the prime factors of 142946029.
193, 740653
What are the prime factors of 3341333?
17, 196549
What are the prime factors of 692680090?
2, 5, 139, 498331
What are the prime factors of 937848381?
3, 312616127
List the prime factors of 76686133.
17, 4510949
List the prime factors of 12287682.
2, 3, 11, 229, 271
What are the prime factors of 2013583112?
2, 251697889
List the prime factors of 36435714.
2, 3, 7, 123931
List the prime factors of 240879952.
2, 15054997
List the prime factors of 4105571584.
2, 16037389
What are the prime factors of 2874029833?
29, 99104477
What are the prime factors of 150833619?
3, 16759291
What are the prime factors of 490064129?
53, 149, 62057
What are the prime factors of 45226115?
5, 11, 822293
What are the prime factors of 170509257?
3, 4297, 4409
What are the prime factors of 302250997?
53, 1223, 4663
What are the prime factors of 81308330?
2, 5, 41, 198313
What are the prime factors of 1256916220?
2, 5, 7, 241, 37253
List the prime factors of 19549497.
3, 11, 41, 14449
What are the prime factors of 22241039?
19, 1170581
List the prime factors of 129306939.
3, 43102313
List the prime factors of 573619230.
2, 3, 5, 1571, 4057
What are the prime factors of 579811385?
5, 197, 588641
What are the prime factors of 212528190?
2, 3, 5, 7, 144577
What are the prime factors of 639769698?
2, 3, 11847587
What are the prime factors of 58805207?
58805207
List the prime factors of 103778678.
2, 229, 347, 653
List the prime factors of 442292827.
15461, 28607
List the prime factors of 450146606.
2, 7, 13, 277, 8929
What are the prime factors of 2621407386?
2, 3, 13, 179, 191, 983
What are the prime factors of 37144674?
2, 3, 7, 294799
What are the prime factors of 358503084?
2, 3, 1106491
List the prime factors of 415052931.
3, 163, 848779
What are the prime factors of 1210192849?
31, 1103, 35393
List the prime factors of 3157400631.
3, 7, 11, 617, 22153
List the prime factors of 7101103058.
2, 7, 507221647
What are the prime factors of 560843568?
2, 3, 31, 41879
What are the prime factors of 547652989?
13, 223, 188911
What are the prime factors of 570369050?
2, 5, 11407381
What are the prime factors of 1704444803?
17, 100261459
What are the prime factors of 126473235?
3, 5, 7, 1204507
What are the prime factors of 4835794132?
2, 13, 1451, 64091
What are the prime factors of 1716435858?
2, 3, 23, 12437941
What are the prime factors of 3977061?
3, 11, 19, 6343
What are the prime factors of 614973372?
2, 3, 13, 3942137
What are the prime factors of 162871717?
23, 7081379
What are the prime factors of 67898784?
2, 3, 707279
What are the prime factors of 86359189?
7, 12337027
What are the prime factors of 106849492?
2, 26712373
What are the prime factors of 2051772074?
2, 11, 283, 29959
List the prime factors of 239187989.
83, 2881783
List the prime factors of 318210251.
53, 6003967
List the